20 = 2*q - 0*q, 2*u = -8. Let h be y(q). Let k = h - 7. What is the units digit of k?
7
Let w(h) = h**3 + 6*h**2 + 2*h. Let d be w(-5). Let i be (d/9)/(2/6). Suppose i*n - n = l + 15, l + 3*n = 20. What is the units digit of l?
5
Let v = 292 + -170. What is the tens digit of v?
2
Let c(d) = -d + 8. Let w be c(8). Suppose w = -2*y + 3*y - 5. What is the units digit of y?
5
Suppose 5*g - 34 = d + 30, 3 = 3*d. What is the tens digit of g - (2 - (3 - 0))?
1
Let i be ((-185)/(-10))/((-2)/(-4)). Suppose -2*k - 2*r = k - i, -r - 40 = -3*k. What is the tens digit of k?
1
Suppose 0 = -2*l + 2*d + 452, l + 4*d + 446 = 3*l. What is the hundreds digit of l?
2
Suppose -3*x + 58 = 2*h - h, 2*h - 3*x = 116. What is the tens digit of h?
5
Let t(n) = n**2 + 4*n - 3. Let k be t(-3). Let c be (k/(-15))/((-4)/(-10)). What is the units digit of 168/9 + c/3?
9
Suppose 0 = -4*s - 12, 0 = 4*l - 4*s - 1 + 9. Let k = l - -9. What is the units digit of k?
4
What is the tens digit of 4 - 4/2 - -60?
6
Let t(a) = -13 - a - 2*a + 5. What is the units digit of t(-6)?
0
Suppose 10 = 3*l - 4*u, 0*l + 3*u - 24 = -3*l. Let p(f) = -f**3 + 8*f**2 - 8*f - 2. What is the units digit of p(l)?
2
Let l(u) = -39*u - 73. What is the hundreds digit of l(-7)?
2
Let u = 36 - -4. Suppose -r = -3*r + u. What is the units digit of r?
0
Let a = 100 + -26. What is the tens digit of a?
7
What is the units digit of ((-4)/10)/(2/(-20))?
4
Let s = 17 - 12. Suppose 0 = 3*v - 5*c - 14, 11 + s = 3*v - 4*c. What is the units digit of v?
8
Let i(c) = -c**3 + c**2 + 2. Let j(u) = 3*u**3 - 2*u**2 - 3. Let y(a) = -5*i(a) - 3*j(a). What is the units digit of y(-1)?
4
Suppose 2*b + d + 3 = 0, d + 5 = -b + 2. Let n(h) = -h + b*h - 2 - h. What is the units digit of n(-3)?
4
Let k = 29 - 14. What is the units digit of k?
5
Suppose 0 = 4*y - 6 - 2. Suppose y*n + 24 = -n. Let a = 17 + n. What is the units digit of a?
9
Let s(x) = x + 4. Let c be s(-8). Let q = c + 8. Suppose 2*y + q*u = 2 - 10, 3*y - 12 = 2*u. What is the units digit of y?
2
Let n = -9 + 17. Let p(k) = k**3 - k**2 + k - 4. Let u be p(0). Let q = n + u. What is the units digit of q?
4
Let z be 4/(-30) + 352/165. Suppose -18 = -t - 2*o, -10 = -z*t + 3*o + 5. What is the units digit of t?
2
Let k be (-2)/(-5) + (-98)/(-5). Suppose -5*z = -2*z - 4*h, 2*z - k = -4*h. Suppose 5*x - 60 = -5*u, -z*x + 4 + 24 = 2*u. What is the tens digit of u?
1
Let c(s) = s**2 - 4*s - 2. Let a be c(5). Suppose -4*j = -2*j - 6. Suppose l - 15 = 4*m, -a*l + 2*l - j*m = -1. What is the units digit of l?
7
Let k(o) = 3*o**2 + 2*o - 7. What is the tens digit of k(4)?
4
Let b = -3 + -11. Let f = b + 33. What is the units digit of f?
9
Let y(a) be the first derivative of a**3/3 + a - 4. What is the tens digit of y(5)?
2
What is the tens digit of (3 + 17 + -5)*9?
3
Let n = -21 - -3. Let h be 4/n + (-788)/18. What is the units digit of (-8)/h - (-20)/11?
2
Suppose -5*i - 7*k + 3*k + 14 = 0, 5*i - 6 = 4*k. Let n(y) = 2*y**3 - y**2 - y + 2. What is the tens digit of n(i)?
1
What is the units digit of (-3 - 1042/(-9)) + 4/18?
3
Let g = 3 + -8. Let s(y) = y**3 + 4*y**2 - 6*y - 2. Let x be s(g). What is the units digit of 104/12 - (-1)/x?
9
Let o = -6 - -13. What is the units digit of o?
7
Suppose 0 = 2*m - 2. Suppose 6*w - 2*w - 2*r - 74 = 0, 3*r - m = -w. What is the units digit of w?
6
Let i(p) = -7*p - 3. What is the tens digit of i(-10)?
6
Let t(i) = -i + 9. Let y = -4 + -4. What is the units digit of t(y)?
7
Suppose -d + 5*t - 35 = 0, 3*d + 6 = -2*t - 31. Let f = -2 - d. What is the units digit of f/2 - (-1)/2?
7
Let n = 0 + 3. What is the tens digit of n/6*-2 + 13?
1
Let j = -41 - -40. Let a be 1 + -1 - (-4 - -1). Let k = j + a. What is the units digit of k?
2
Let r be 7 + (0 - (4 - 0)). Suppose 15 = -r*t, 5*l - 17 = 3*t + 228. What is the tens digit of l?
4
Suppose -2*a - 3*a + 20 = 0. Suppose 4*p + 4*u - 20 = 0, 6 = 5*p + a*u - 17. Suppose -2*w + 10 = p*w. What is the units digit of w?
2
Let b = -7 + 31. What is the tens digit of b?
2
Let d = -20 - -77. What is the units digit of d?
7
Suppose 3*t = 151 + 20. What is the units digit of t?
7
Let l(z) = 2*z + 34. What is the units digit of l(17)?
8
Let n(h) = -h**2 + 26*h - 12. What is the tens digit of n(13)?
5
Let d = 1 + 146. What is the hundreds digit of d?
1
Let u be 11 + (-1 + 5)/2. Suppose -u = -5*p + 7. Suppose -2*h + p*h = 8. What is the units digit of h?
4
Suppose 0 = 4*y + 4*a - 736, -3 = 2*y + a - 373. What is the hundreds digit of y?
1
Suppose 5*j + 4*g = -77, 0*g = -5*j - 2*g - 81. Let m = 29 + j. What is the units digit of m?
2
Let d = 5 + -12. Let p = -11 - d. Let g(k) = -3*k - 6. What is the units digit of g(p)?
6
Let w(r) = -3*r + 7. Let z be (4 + -16)*2/4. What is the tens digit of w(z)?
2
Suppose 0 = -64*o + 60*o + 8. What is the units digit of o?
2
Suppose 2*o + 6 = -0*x + x, 5*o + 15 = 0. Let j be 0 + -1 + x + -11. Let s = j + 19. What is the units digit of s?
7
Let o be (-7)/(-1) + (1 - 4). Suppose -o*r + 3*r = 0. Suppose r*b + 2*b = -m + 16, 2*b - 5*m = 16. What is the units digit of b?
8
Let q(h) = -h**2 + h - 1. Let s(g) = 6*g**2 + 3*g + 6. Let p(i) = 5*q(i) + s(i). Let r be p(-8). Suppose t = -0 + r. What is the units digit of t?
1
Suppose -2*q - 2*q = -8. Suppose q*z = -2*d + 32, -5*z + 2*z = -d - 40. Suppose -41 + z = -3*n. What is the units digit of n?
9
Let z(a) = 41*a**3 + 2. Let g(l) = -21*l**3 - 1. Let i(o) = -11*g(o) - 6*z(o). Let n be i(-1). What is the units digit of (-36)/(-10) - n/(-35)?
4
Let d(z) = z**3 + 6*z**2 + 2*z. Let p be d(-3). Suppose -30 = -3*m + p. What is the tens digit of m?
1
Suppose -t = 4*t - 175. What is the tens digit of t?
3
Let d(z) = z**3 + 7*z**2 - 12*z - 9. What is the units digit of d(-8)?
3
Suppose -2*g + 25 = -13. Suppose 0 = 2*r - g - 5. What is the units digit of r?
2
Let z(d) = 7*d**2 + 5*d. What is the units digit of z(-4)?
2
Suppose g = 6*g + 10, -g = a - 1. Suppose 4*t - a = -5*h + 180, -3*h = -3*t - 99. What is the units digit of h?
5
Suppose 0 = -g - 4*g + 330. What is the tens digit of ((-6)/18)/((-2)/g)?
1
What is the units digit of (-333)/(-63) - 4/14?
5
Suppose 0*f + 20 = 2*f. Suppose 6 + f = h. What is the tens digit of h?
1
Let c = 13 + -8. Suppose r = -4*z - 4, 2*r + c*z - z + 8 = 0. What is the units digit of ((-2)/r)/((-2)/(-8))?
2
Let o = -6 + 12. Suppose 2*x + 4 = q - 1, 3*q + 3*x - o = 0. Suppose -3*v = -6*v + q. What is the units digit of v?
1
Suppose -p + 4*p = 12. Suppose 0 = -w + 5*x + 37, 97 = 3*w - p*x + 3*x. What is the units digit of w?
2
Let d = -3 - 6. Let y(w) = -w**3 - 4*w**2 + 2*w + 1. Let b be y(-5). Let k = b + d. What is the units digit of k?
7
Suppose -14 = -b + 2*q, 0 = -b + 2*q + 2*q + 20. Suppose y = 8 + b. Suppose 0 = 2*h - 2 - y. What is the units digit of h?
9
Let t be 4 + -3 + 0/3. Suppose 0*f + 2*q = -3*f - t, -2*q = -f + 13. Suppose r = 4*r - f. What is the units digit of r?
1
Suppose 6*p - 22 - 8 = 0. What is the units digit of p?
5
Suppose 2*w - 6*w = 16. Let f be 14/w*(-4)/7. What is the units digit of (1/(-4))/(f/(-8))?
1
Suppose f - 5*l + 52 = -2*f, -f = -l + 14. Let n = 16 + f. What is the units digit of n?
7
Let m(w) = w**3 - 3*w**2 - 3. Let x be m(3). Let l be (-4)/(-2) + x + 3. Suppose -s = l*s - 12. What is the units digit of s?
4
Let h be (-32)/12*(-6)/2. Let w = 17 - h. What is the units digit of w?
9
Suppose 18 - 3 = 3*a. Suppose 4 = i + 2*f, 23 + 13 = a*i + 2*f. What is the units digit of i?
8
Let v(q) be the first derivative of -q**3/3 + 3*q**2 + 4*q - 3. What is the units digit of v(6)?
4
What is the units digit of -2*(-105 - -2) + 6/2?
9
Let u(s) = 3*s**2 + s + 3. Suppose -4*m - 4 - 12 = 0. Let t be u(m). Let d = t - 25. What is the tens digit of d?
2
Suppose 3*v - 2 = -j, 0 = 5*v + j - 4*j + 6. Suppose v = -5*s + 10 + 5. What is the units digit of s?
3
Let u be (-2)/10 + 1/5. Let b be 2 + -3 + u + 1. Suppose s - 2*s + v + 11 = b, -4*s - 2*v + 20 = 0. What is the units digit of s?
7
What is the units digit of 1/2*8/4?
1
Let r(d) = 9*d + 2. Let p be r(-6). Let y = -27 - p. Suppose 3*w = 2*z - 2*w - 30, 0 = z - 5*w - y. What is the units digit of z?
5
Let x(h) = -h**3 + 7*h**2 - 4*h + 5. Let f be x(5). What is the tens digit of (f/(-15))/(2/(-18))?
2
Suppose h + 43 = -2*q + 141, 49 = q + h. Suppose 